99687657 a composite number?
False
Is 804448451 composite?
True
Is 94710922127 a composite number?
False
Is 9324531091 a composite number?
False
Is 9618202793 a composite number?
False
Is 2538979351 a prime number?
False
Is 94495299011 a prime number?
False
Is 5260179487 composite?
False
Is 1560822841 composite?
False
Is 85184051023 a composite number?
False
Is 846320437 prime?
True
Is 1258991837 composite?
True
Is 843563263 prime?
False
Is 6731010323 a composite number?
True
Is 4745976143 composite?
False
Is 22262822521 a composite number?
True
Is 102746859581 prime?
True
Is 1390219669 composite?
True
Is 2910611237 a composite number?
False
Is 12674718677 prime?
False
Is 106257652489 a prime number?
True
Is 19585883101 a prime number?
True
Is 1126457335 prime?
False
Is 3848388109 a composite number?
True
Is 6509610617 a prime number?
False
Is 257901667 a composite number?
True
Is 1064697397 a composite number?
True
Is 54212203 composite?
False
Is 425948801 a composite number?
False
Is 10556014541 prime?
True
Is 78991506863 prime?
False
Is 855398291923 a prime number?
False
Is 77185437581 composite?
True
Is 38223644447 a prime number?
True
Is 48944857673 composite?
False
Is 342373193 a prime number?
False
Is 1306483837 a prime number?
True
Is 57103931 a composite number?
False
Is 129688803947 a composite number?
False
Is 50949169 prime?
False
Is 415296998 a composite number?
True
Is 13469664497 composite?
False
Is 10791516391 a prime number?
True
Is 31181987 a prime number?
True
Is 4782725769 prime?
False
Is 1103645099 composite?
False
Is 4143527617 a composite number?
False
Is 6714462107 a composite number?
False
Is 64321139 prime?
False
Is 5475496021 prime?
False
Is 1183071403 composite?
True
Is 7055627 a prime number?
True
Is 5537423399 a prime number?
True
Is 22705932253 a prime number?
True
Is 18178894873 composite?
False
Is 56000236477 prime?
True
Is 1218218719 a composite number?
False
Is 4209615809 a composite number?
True
Is 7528665923 composite?
True
Is 4630771837 a composite number?
False
Is 1566169323 prime?
False
Is 3324939965 prime?
False
Is 6070072771 prime?
False
Is 2939598581 a prime number?
True
Is 23944822397 a prime number?
True
Is 103073660611 prime?
False
Is 29626896127 composite?
True
Is 12650626381 prime?
False
Is 7248987721 prime?
False
Is 14300475499 a prime number?
True
Is 17607312269 a prime number?
False
Is 621659989 a prime number?
False
Is 584968421 composite?
True
Is 9264949787 composite?
False
Is 14549026643 a prime number?
True
Is 90418076729 composite?
False
Is 724401659 composite?
False
Is 1807451447 prime?
True
Is 735799081 a composite number?
False
Is 1097268631 a prime number?
False
Is 84661026689 prime?
True
Is 597879751 prime?
False
Is 2342763253 a composite number?
False
Is 12819731273 a prime number?
True
Is 3268672681 prime?
False
Is 26476183831 composite?
False
Is 23152618267 composite?
True
Is 82297069 composite?
False
Is 263465947 a composite number?
False
Is 1276728377 composite?
True
Is 9490514147 a prime number?
True
Is 70870958311 prime?
True
Is 1139423951 a prime number?
False
Is 215842177 composite?
True
Is 1431479641 prime?
True
Is 1727635757 a prime number?
True
Is 1440478841 a prime number?
False
Is 8685692809 composite?
True
Is 511228366699 a prime number?
True
Is 1999031999 composite?
False
Is 120054492277 prime?
False
Is 5706110518 a prime number?
False
Is 1878283283 a composite number?
False
Is 444086119 composite?
False
Is 3189125845 a prime number?
False
Is 1069660979 a composite number?
False
Is 1388438627 a prime number?
True
Is 6784446233 composite?
False
Is 192771743 a prime number?
True
Is 144529477069 a composite number?
False
Is 6702285217 prime?
True
Is 1563905071 a composite number?
False
Is 1321342591 composite?
False
Is 19529233 a composite number?
True
Is 149564153 a composite number?
False
Is 2222741671 prime?
False
Is 52182222011 a prime number?
True
Is 27813788602 a prime number?
False
Is 44507623961 composite?
True
Is 2790877603 prime?
False
Is 76680943601 a prime number?
False
Is 4109639591 prime?
True
Is 504564799 a prime number?
True
Is 2897347231 a prime number?
True
Is 49481386819 prime?
True
Is 2945797969 a composite number?
True
Is 263094899 composite?
True
Is 59316634879 a prime number?
True
Is 323422711 prime?
False
Is 161048483 prime?
True
Is 5268270781 a composite number?
False
Is 253606254019 a composite number?
False
Is 1158995197 prime?
False
Is 4855751413 a composite number?
False
Is 1008969709 composite?
True
Is 22507733167 a composite number?
True
Is 34153441409 composite?
False
Is 45705290654 composite?
True
Is 9611888707 composite?
False
Is 6590463541 composite?
False
Is 21746324921 a prime number?
False
Is 19663381873 composite?
True
Is 93801507 a prime number?
False
Is 64542331093 a prime number?
False
Is 2073706489 composite?
False
Is 4387361002 composite?
True
Is 4995666061 a prime number?
True
Is 481310482709 a prime number?
False
Is 89918141 composite?
False
Is 93772507511 a prime number?
True
Is 88544571131 a prime number?
True
Is 15509573077 prime?
True
Is 822027413 a prime number?
True
Is 43061956591 a prime number?
False
Is 40775240783 composite?
False
Is 2204271581 a composite number?
True
Is 749096513 a prime number?
False
Is 6319007029 prime?
False
Is 487078115 a composite number?
True
Is 932559841 prime?
False
Is 2585195983 a prime number?
False
Is 506639449 prime?
False
Is 89749042529 prime?
True
Is 14843212099 a composite number?
False
Is 432088351 a composite number?
False
Is 2624329819 a composite number?
False
Is 821628881 a composite number?
False
Is 53206994515 prime?
False
Is 8197037171 composite?
True
Is 10979032621 a composite number?
False
Is 10717060361 composite?
True
Is 1020186353 a prime number?
False
Is 280663363 a composite number?
True
Is 16892819837 prime?
True
Is 230899891 a prime number?
True
Is 155849009 composite?
True
Is 61112047231 a prime number?
True
Is 7139446529 prime?
True
Is 3609085577 composite?
True
Is 5185042483 a composite number?
True
Is 4746098911 a prime number?
True
Is 13303693703 composite?
True
Is 2272681163 a composite number?
True
Is 539687815 a composite number?
True
Is 356093099 prime?
True
Is 50369597069 composite?
True
Is 99369747713 a composite number?
True
Is 97816372439 a composite number?
True
Is 44516739077 a composite number?
False
Is 27200791091 prime?
False
Is 264996233 a prime number?
True
Is 2581363529 a prime number?
False
Is 3753033617 a prime number?
False
Is 83340891463 prime?
True
Is 984216677 composite?
True
Is 142234933 a composite number?
False
Is 85742860609 a prime number?
False
Is 945937381 a composite number?
True
Is 3671945087 composite?
False
Is 130846552657 composite?
True
Is 4473013643 composite?
True
Is 23788361711 a composite number?
False
Is 10027818457 a composite number?
False
Is 4660112669 a composite number?
False
Is 105987767939 a prime number?
True
Is 8585800033 a prime number?
True
Is 676223771 composite?
False
Is 5562017795 a composite number?
True
Is 3115477069 a prime number?
False
Is 8465532193 composite?
False
Is 3462056833 composite?
True
Is 28738259729 composite?
False
Is 717831203 prime?
True
Is 11156836183 composite?
False
Is 395793353 composite?
True
Is 68511882455 a composite number?
True
Is 35381097349 a prime number?
False
Is 2144963663 a composite number?
False
Is 154187669 a prime number?
True
Is 2699927669 composite?
True
Is 100962293 composite?
False
Is 125223437 a composite number?
False
Is 1324367435 composite?
True
Is 330951983 prime?
False
Is 39697257219 a prime number?
False
Is 127118659747 composite?
False
Is 6802980467 composite?
False
Is 415982921 prime?
True
Is 517286167 a prime number?
True
Is 604284001 a prime number?
True
Is 618298267 prime?
True
Is 53213689733 prime?
True
Is 35355797 a composite number?
True
Is 631126943 prime?
False
Is 50261903 composite?
False
Is 271811497 prime?
True
Is 1181601119 a prime number?
True
Is 927485995 a composite number?
True
Is 13872943033 prime?
True
Is 113061119 a composite number?
False
Is 294430349 a composite number?
True
Is 9616755839 a composite number?
False
Is 3333389467 composite?
True
Is 2524936955 a composite number?
True
Is 17081129623 prime?
False
Is 109073860619 prime?
T